divided by 4891.
2157
Calculate the remainder when 316125 is divided by 3187.
612
Calculate the remainder when 2851320 is divided by 1469.
1460
What is the remainder when 112583 is divided by 294?
275
What is the remainder when 2608373 is divided by 2496?
53
What is the remainder when 3817588 is divided by 159?
157
Calculate the remainder when 200877 is divided by 2028.
105
Calculate the remainder when 28178008 is divided by 73.
8
What is the remainder when 148977304 is divided by 19?
14
What is the remainder when 1487293 is divided by 2184?
2173
Calculate the remainder when 19304833 is divided by 227.
72
What is the remainder when 294732 is divided by 146311?
2110
Calculate the remainder when 3043347 is divided by 5819.
10
Calculate the remainder when 997407 is divided by 122.
57
Calculate the remainder when 14313618 is divided by 128.
18
Calculate the remainder when 24609578 is divided by 382.
374
Calculate the remainder when 58565 is divided by 2322.
515
Calculate the remainder when 5241997 is divided by 41603.
19
Calculate the remainder when 67430361 is divided by 383127.
9
What is the remainder when 507408 is divided by 157?
141
What is the remainder when 150478 is divided by 385?
328
Calculate the remainder when 335904 is divided by 2073.
78
Calculate the remainder when 6233825 is divided by 566706.
59
Calculate the remainder when 3009956882 is divided by 22.
20
Calculate the remainder when 5254268 is divided by 570.
8
What is the remainder when 189419 is divided by 7884?
203
Calculate the remainder when 16549922 is divided by 13.
12
Calculate the remainder when 2490171655 is divided by 1864.
1863
Calculate the remainder when 117540 is divided by 5876.
20
What is the remainder when 2879319 is divided by 2879274?
45
Calculate the remainder when 703063309 is divided by 234354435.
4
Calculate the remainder when 2576581 is divided by 21.
7
Calculate the remainder when 108638 is divided by 32.
30
Calculate the remainder when 59993 is divided by 2003.
1906
What is the remainder when 8161004 is divided by 225?
29
Calculate the remainder when 15200926 is divided by 3040182.
16
Calculate the remainder when 344969451 is divided by 307.
305
Calculate the remainder when 153657 is divided by 1473.
465
What is the remainder when 7392152 is divided by 1201?
1198
What is the remainder when 10166 is divided by 8980?
1186
What is the remainder when 3907592 is divided by 139556?
24
Calculate the remainder when 18620 is divided by 6201.
17
What is the remainder when 6716544 is divided by 2238847?
3
What is the remainder when 383084 is divided by 76614?
14
What is the remainder when 3593375 is divided by 306?
17
What is the remainder when 154575 is divided by 161?
15
Calculate the remainder when 18458 is divided by 800.
58
What is the remainder when 184732 is divided by 6745?
2617
What is the remainder when 58875 is divided by 10517?
6290
What is the remainder when 1984470 is divided by 45?
15
What is the remainder when 4569671 is divided by 641?
623
Calculate the remainder when 95894885 is divided by 1541.
1537
Calculate the remainder when 232263 is divided by 4147.
31
Calculate the remainder when 242409 is divided by 404.
9
Calculate the remainder when 18868413 is divided by 48.
45
What is the remainder when 13655 is divided by 12511?
1144
What is the remainder when 3200713385 is divided by 1726?
1725
What is the remainder when 863969 is divided by 186?
185
What is the remainder when 13583346 is divided by 6021?
5991
What is the remainder when 62923452 is divided by 315?
312
Calculate the remainder when 49752426 is divided by 3109524.
42
What is the remainder when 129884 is divided by 5216?
4700
Calculate the remainder when 6655590 is divided by 557.
554
Calculate the remainder when 63406 is divided by 62989.
417
What is the remainder when 2403748 is divided by 480749?
3
Calculate the remainder when 108974 is divided by 94.
28
What is the remainder when 1641114 is divided by 7?
6
What is the remainder when 19437 is divided by 498?
15
What is the remainder when 2628808 is divided by 238982?
6
What is the remainder when 12551170 is divided by 37?
30
Calculate the remainder when 800829 is divided by 96.
93
Calculate the remainder when 21843935 is divided by 44.
3
What is the remainder when 51066 is divided by 11479?
5150
Calculate the remainder when 14257 is divided by 106.
53
Calculate the remainder when 142361504 is divided by 4187103.
2
What is the remainder when 229748 is divided by 76408?
524
What is the remainder when 3494634 is divided by 284?
14
Calculate the remainder when 1278198 is divided by 1391.
1260
Calculate the remainder when 32713071 is divided by 45.
6
What is the remainder when 9299 is divided by 1846?
69
Calculate the remainder when 1885557 is divided by 377110.
7
Calculate the remainder when 104076 is divided by 17337.
54
Calculate the remainder when 167986036 is divided by 197.
196
What is the remainder when 110898 is divided by 1442?
1306
Calculate the remainder when 982476 is divided by 491174.
128
Calculate the remainder when 1755192 is divided by 1480.
1392
What is the remainder when 31004 is divided by 3319?
1133
Calculate the remainder when 36857625 is divided by 262.
251
What is the remainder when 2231412 is divided by 6?
0
What is the remainder when 7011647 is divided by 1008?
1007
What is the remainder when 42328579 is divided by 14873?
21
Calculate the remainder when 4336800 is divided by 433606.
740
Calculate the remainder when 366172 is divided by 7038.
196
What is the remainder when 1654161 is divided by 20?
1
Calculate the remainder when 32541 is divided by 3335.
2526
Calculate the remainder when 879205 is divided by 2021.
70
What is the remainder when 144652 is divided by 4800?
652
Calculate the remainder when 520966 is divided by 36872.
4758
What is the remainder when 57366733 is divided by 1683?
1678
What is the remainder when 29699 is divided by 3583?
1035
What is the remainder when 2182407 is divided by 304?
295
Calculate the remainder when 79916 is divided by 15955.
141
What is the remainder when 1553572 is divided by 7?
6
Calculate the remainder when 20713 is divided by 2260.
373
Calculate the remainder when 1163377 is divided by 148.
97
Calculate the remainder when 8398263 is divided by 19622.
47
What is the remainder when 216447 is divided by 3936?
3903
What is the remainder when 816535 is divided by 1756?
1751
What is the remainder when 1012482 is divided by 170?
132
What is the remainder when 132866 is divided by 910?
6
Calculate the remainder when 151547114 is divided by 9.
2
What is the remainder when 71990 is divided by 675?
440
Calculate the remainder when 80825831 is divided by 1956.
1955
Calculate the remainder when 7197128 is divided by 1439387.
193
Calculate the remainder when 710886 is divided by 1911.
1905
What is the remainder when 4791343 is divided by 3144?
3031
Calculate the remainder when 1855225 is divided by 927338.
549
Calculate the remainder when 1866018 is divided by 123.
108
Calculate the remainder when 17001669 is divided by 2125174.
277
What is the remainder when 6043 is divided by 109?
48
What is the remainder when 4122439 is divided by 166?
161
What is the remainder when 129272511 is divided by 1219?
1218
Calculate the remainder when 22585316 is divided by 7528435.
11
What is the remainder when 1201239 is divided by 880?
39
Calculate the remainder when 363558 is divided by 3055.
13
Calculate the remainder when 3217552508 is divided by 71.
68
What is the remainder when 10007470 is divided by 10317?
10297
What is the remainder when 35038 is divided by 4444?
3930
Calculate the remainder when 747322 is divided by 74.
70
What is the remainder when 523010 is divided by 20919?
35
Calculate the remainder when 1374411 is divided by 3436.
11
What is the remainder when 65780 is divided by 481?
364
Calculate the remainder when 13428463 is divided by 606.
109
What is the remainder when 635842 is divided by 6623?
34
What is the remainder when 505152 is divided by 7?
4
What is the remainder when 388330 is divided by 3503?
3000
What is the remainder when 4139241 is divided by 4131?
4110
Calculate the remainder when 335140823 is divided by 15022.
3
Calculate the remainder when 245229 is divided by 1